test common divisor of j and x.
24
Suppose 2025 = 4305*c - 4260*c. Let d(g) = -50*g + 2. Let s be d(-5). What is the highest common factor of s and c?
9
Let s = -183 - -171. Let h(j) = -8*j + 59. Let l be h(s). What is the highest common divisor of 62 and l?
31
Let u(j) = -3138*j - 18744. Let a be u(-6). Calculate the highest common factor of 119 and a.
7
Suppose 0 = 5*v - 35, -4*z - 21*v + 30219 = -24*v. What is the highest common divisor of z and 112?
56
Let i be 3*(18/81 - (-70)/(-18)). Let l be ((-18)/2)/(i/(-2) + -4). Let s be 8*4/l*(-138)/4. What is the greatest common divisor of 23 and s?
23
Suppose 4*v - 25 = -5. Suppose -v*q + 3*q - 7 = -5*k, -2*k + 19 = q. Calculate the highest common divisor of 171 and q.
9
Suppose 12*v + 28 = y + 2*v, -4*y + 112 = -v. Let m = 9 - -131. Calculate the greatest common divisor of m and y.
28
Let m(s) = 2*s**3 + 19*s**2 - 7*s + 24. Let q be m(-9). Calculate the greatest common divisor of q and 896.
56
Suppose 0 = 47*a - 33224 + 7844. What is the greatest common divisor of 420 and a?
60
Let v(d) = -69*d - 884. Let z be v(-25). What is the highest common divisor of z and 551?
29
Let r be 0 - (-5)/(10/6). Suppose r*l - 3 = -9, 0 = -2*j - 3*l + 26. Calculate the greatest common divisor of j and 168.
8
Suppose 9827*d - 9822*d + 5*o = 90, 5*d - 5*o = 130. Let l(g) = 89*g**2 - 2*g + 1. Let c be l(1). What is the highest common factor of c and d?
22
Let i(m) = m**3 + 26*m**2 - m - 24. Let d be i(-26). Suppose -d*j - 115 = -3*y - 2*y, 0 = 2*y + 3*j - 46. Calculate the highest common factor of y and 506.
23
Let q(k) = 21*k**2 + 59*k + 33. Let n be q(-3). Calculate the greatest common divisor of 1845 and n.
45
Suppose o + 6 = 0, 5356 + 2975 = 3*p + 2*o. What is the greatest common factor of p and 9?
9
Suppose 207 = -2*t - f + 81, 4*f = 0. Let c be 2 - (-144)/t - 550/(-14). Calculate the greatest common divisor of 39 and c.
39
Suppose -3*p - i + 16121 = -870, -3*p + 16988 = 4*i. Calculate the highest common divisor of 8 and p.
8
Suppose 3*w = -2*h + 96 + 22, -h - 41 = -w. Let s = -621372 + 621992. Calculate the greatest common divisor of s and w.
20
Let f = -4943 - -7748. What is the highest common factor of f and 495?
165
Let k = 185 - 265. Let m = 0 - k. Suppose 0 = r + 5*y + 9, -5*y - 23 = -4*r + 66. Calculate the highest common divisor of r and m.
16
Let d(z) be the first derivative of z**3/3 + 9*z**2/2 + 6*z + 1151. Let k = -18 + 27. Let n be d(k). Calculate the highest common divisor of n and 21.
21
Let h = -2029 - -2046. What is the greatest common divisor of h and 136?
17
Let a = -10693 + 10803. Calculate the highest common factor of a and 2090.
110
Suppose -3*k + 84 = 4*z, 7*k - 4*k - 2*z = 102. Let t be 11 + k/(-3) + 335/3. What is the highest common factor of t and 280?
56
Suppose 239*w - 237*w + 5*p = 96, 12 = -2*p. Calculate the highest common factor of w and 27.
9
Let b be 15/(-210)*4 - (-17840)/14. Calculate the highest common factor of 26 and b.
26
Let w = 15362 + -15138. What is the highest common divisor of 1512 and w?
56
Let n(z) = 10*z**2 - 8*z - 1. Let m be n(4). Let a = -57 + m. Suppose -7*w = -35 - a. Calculate the greatest common divisor of w and 120.
15
Let u be 21/12 - -2 - (-6)/(-8). Let w = 0 - u. Let x be ((-10)/w)/((-14)/(-126)). Calculate the highest common factor of x and 6.
6
Let p = 4081 + -2038. Calculate the highest common divisor of p and 9.
9
Let r = -30 - -50. Let x be (-14)/(-4)*r/35. What is the highest common factor of x and 70?
2
Suppose -o + 0*o = -2. Suppose -4*c - 4 = 4*p - 20, -5*p = -o*c + 36. What is the greatest common factor of c and 104?
8
Suppose -8*l = -15 - 41. Suppose l*w = -20*w + 351. Let t(d) = 118*d - 1. Let j be t(1). Calculate the greatest common divisor of j and w.
13
Let t(h) = 112 + 2*h**2 - 222 + 114 - 2*h. Let v be t(0). Calculate the greatest common divisor of v and 10.
2
Suppose 0 = -3*n - 12, -12*n = 4*f - 8*n - 200. What is the greatest common factor of f and 27?
27
Suppose 3*o + 4*a + 160 = 7*o, 2*o = -4*a + 98. Let i be (1560/(-100))/((-204)/7310). Calculate the highest common divisor of i and o.
43
Suppose 2*y - 376 - 342 = 0. Let m = y + -305. What is the greatest common factor of 12 and m?
6
Let g = 62 - 29. Suppose -9*r - 36 = -0. Let u be (-154)/r*24/42. What is the highest common divisor of g and u?
11
Let z be 7*(116/4 - 5). Suppose -c + 56 = -z. Calculate the highest common factor of c and 84.
28
Suppose 0 = 299*f + 22637 - 64497. Calculate the highest common divisor of f and 1652.
28
Let b(u) = -9*u + 6. Let m be b(2). Let q be ((5 + -3)/4)/(2/m). Let k = q + 37. What is the highest common factor of k and 17?
17
Suppose 143*a - 73780 = -27*a. Calculate the greatest common factor of a and 1798.
62
Let n(i) = -i + 16. Let y be n(10). Let s(l) = 9*l - 14. Let z be s(y). Suppose 27*c = 31*c - 40. Calculate the highest common factor of z and c.
10
Suppose -14*w - 259 = -203. Let z(r) = -4 - 5*r**3 + 4*r**3 - r - 2*r**2 + 2*r. Let k be z(w). Calculate the greatest common factor of k and 192.
24
Suppose -4662 = 11*u - 4794. Suppose 2809 = 5*b - 311. Suppose 4*q - f - 3*f = b, -q = -4*f - 156. Calculate the highest common divisor of q and u.
12
Let z(o) = -3*o**2 + 130*o - 7. Let m be z(39). Let r = 140 - 136. What is the greatest common factor of r and m?
4
Let c(i) = 87*i - 10. Let p = 37 + -34. Let q be c(p). Let t = -131 + q. What is the highest common divisor of 48 and t?
24
Let s(d) = -346*d - 8. Let m be s(-1). Let k = m - 133. What is the highest common divisor of k and 10?
5
Let l(o) = 8*o + 3. Suppose 20 = -5*r, -5*r + 9*r + 14 = -s. Let i be l(s). Calculate the greatest common factor of i and 323.
19
Let o = 476 + -7. Suppose 0 = 7*a - o - 539. Suppose 5*q - 4*h - a = 0, q = 3*q + 2*h - 54. What is the highest common divisor of 42 and q?
14
Let r(s) = s**3 + 8*s**2 - 4*s - 53. Let g be r(-4). What is the highest common divisor of g and 1728?
27
Let x = -40282 + 105300. What is the greatest common divisor of 38 and x?
38
Let r = -145 + 165. Suppose 10*g - 3 = 7*g. Suppose 10*t = 41 - g. What is the highest common factor of r and t?
4
Suppose 0 = -7*s + 2*s - 775. Let x = s - -164. Calculate the highest common factor of 27 and x.
9
Let i be 8/(-6)*6*33/(-88). What is the highest common divisor of 9411 and i?
3
Let z = -23 - -49. Let f(y) = y**2 - 29*y + 80. Let w be f(z). What is the highest common divisor of w and 11?
1
Suppose 60 = -5*t - 425. Let m = 128 + t. Let j(z) = -z**3 - 9*z**2 - 8*z + 11. Let b be j(-11). Calculate the highest common divisor of b and m.
31
Let d(v) = 2*v - v + 7*v**2 - 4*v + 17. Let b be d(-5). What is the highest common factor of b and 46?
23
Suppose q = -i - q + 148, 0 = 2*i - 5*q - 332. Let j be i/11 - 10/55. Calculate the highest common factor of j and 574.
14
Let k(j) = -j**3 - 15*j**2 - 14*j + 6. Let d be k(-14). Let o be ((-94)/3)/((112/(-63))/16). What is the greatest common factor of d and o?
6
Suppose 3*s = 8*s - 85. Let b(h) = -h**3 + 12*h**2 - 13*h - 1. Let z = 405 - 398. Let f be b(z). Calculate the highest common divisor of f and s.
17
Suppose -f + 2*d + 1 = 0, -2*d = 10*f - 6*f - 34. Suppose -3*r - 268 = -f*r - 4*a, -5*a = -r + 73. What is the greatest common divisor of r and 17?
17
Let d = -160 + 314. Suppose 36 = 3*u - f, u + 9 - 5 = -5*f. Let j = 3 + u. Calculate the highest common factor of j and d.
14
Suppose 12*h - 739 - 953 = 0. Let u = h - 97. Let d(r) = r**3 - 3*r**2 + 4*r - 4. Let i be d(5). What is the highest common factor of u and i?
22
Let s(u) = 134*u - 114. Let l be s(3). Let p be (-4)/10 + (-221)/(-65). Suppose p*m + 22 = 118. Calculate the greatest common divisor of m and l.
32
Suppose -21*h + 22*h = -5*x + 23515, 0 = 5*x + 5*h - 23495. What is the highest common factor of 147 and x?
147
Let j = -928 - -2076. Suppose 11*x - j + 323 = 0. What is the highest common factor of 50 and x?
25
Suppose u - 5*a - 21 = 0, 4*u - a + 22 = 87. Calculate the highest common factor of 796 and u.
4
Let p(o) = 4*o - 9. Let y be p(3). Let k = 194 + -190. Calculate the greatest common divisor of y and k.
1
Let f = -52 + 54. Let o be f - (-8 - 21/(-7)). What is the highest common factor of 35 and o?
7
Let g = 148 - 169. Let f be (-1540)/g*(-3)/(-1). Calculate the greatest common divisor of 